{"id":133,"date":"2017-01-04T01:41:23","date_gmt":"2017-01-04T00:41:23","guid":{"rendered":"http:\/\/rv17.no\/prosjekter\/elfisno\/?page_id=133"},"modified":"2018-09-27T10:13:43","modified_gmt":"2018-09-27T08:13:43","slug":"courses-conferences-meetings","status":"publish","type":"page","link":"https:\/\/www.elfis.no\/index.php\/activities\/courses-conferences-meetings\/?lang=en","title":{"rendered":"Courses \u2013 conferences \u2013 meetings"},"content":{"rendered":"<p><strong>\u00a0Come to Elfis for a conference a bit out of the ordinary! These facilities are ideal for groups and companies who are looking for a unique setting for a conference or a social function.<\/strong><\/p>\n<div id='gallery-1' class='gallery galleryid-133 gallery-columns-2 gallery-size-medium'><figure class='gallery-item'>\n\t\t\t<div class='gallery-icon landscape'>\n\t\t\t\t<a href='https:\/\/www.elfis.no\/wp-content\/uploads\/2016\/11\/Elfis01_web.jpg'><img loading=\"lazy\" decoding=\"async\" width=\"300\" height=\"200\" src=\"https:\/\/www.elfis.no\/wp-content\/uploads\/2016\/11\/Elfis01_web-300x200.jpg\" class=\"attachment-medium size-medium\" alt=\"\" aria-describedby=\"gallery-1-15\" srcset=\"https:\/\/www.elfis.no\/wp-content\/uploads\/2016\/11\/Elfis01_web-300x200.jpg 300w, https:\/\/www.elfis.no\/wp-content\/uploads\/2016\/11\/Elfis01_web-768x513.jpg 768w, https:\/\/www.elfis.no\/wp-content\/uploads\/2016\/11\/Elfis01_web-1024x684.jpg 1024w, https:\/\/www.elfis.no\/wp-content\/uploads\/2016\/11\/Elfis01_web.jpg 2000w\" sizes=\"auto, (max-width: 300px) 100vw, 300px\" \/><\/a>\n\t\t\t<\/div>\n\t\t\t\t<figcaption class='wp-caption-text gallery-caption' id='gallery-1-15'>\n\t\t\t\tLigger p\u00e5 &laquo;Skr\u00e5planet&raquo; i Naustet\n\t\t\t\t<\/figcaption><\/figure><figure class='gallery-item'>\n\t\t\t<div class='gallery-icon landscape'>\n\t\t\t\t<a href='https:\/\/www.elfis.no\/wp-content\/uploads\/2016\/11\/krv8014.jpg'><img loading=\"lazy\" decoding=\"async\" width=\"300\" height=\"225\" src=\"https:\/\/www.elfis.no\/wp-content\/uploads\/2016\/11\/krv8014-300x225.jpg\" class=\"attachment-medium size-medium\" alt=\"\" aria-describedby=\"gallery-1-78\" srcset=\"https:\/\/www.elfis.no\/wp-content\/uploads\/2016\/11\/krv8014-300x225.jpg 300w, https:\/\/www.elfis.no\/wp-content\/uploads\/2016\/11\/krv8014.jpg 480w\" sizes=\"auto, (max-width: 300px) 100vw, 300px\" \/><\/a>\n\t\t\t<\/div>\n\t\t\t\t<figcaption class='wp-caption-text gallery-caption' id='gallery-1-78'>\n\t\t\t\tDere m\u00f8tes p\u00e5 Skr\u00e5planet !\n\t\t\t\t<\/figcaption><\/figure>\n\t\t<\/div>\n\n<h3>Courses \u2013 conferences \u2013 meetings \u2013 adventure trips at Elfis<\/h3>\n<p><strong>The conference room<\/strong> is located in the boathouse and is suitable for small groups\/companies. There is a coffee\/dinner service for 24 people as well as a fully equipped kitchen for those who prefer self-catering.<\/p>\n<p>You can also book catering from Elfis.<\/p>\n<h3>Prices and offers<\/h3>\n<p>There are two apartments sleeping 8-10 people on the 1st floor of the boathouse (conference facilities on the ground floor).<\/p>\n<p>Groups of up to 22 people (24 if you are very sociable) .<\/p>\n<h3>Activities !!<\/h3>\n<p>The conference building is just a few metres from the pier. How about being picked up by a high-speed RIB to go on an adventure trip to the open ocean or to the island of Ylvingen?<\/p>\n","protected":false},"excerpt":{"rendered":"<p>Come to Elfis for a conference a bit out of the ordinary! These facilities are ideal for groups and companies who are looking for a unique setting for a conference or a social function. <\/p>\n","protected":false},"author":1,"featured_media":78,"parent":129,"menu_order":0,"comment_status":"closed","ping_status":"closed","template":"page_temaside1.php","meta":{"footnotes":""},"class_list":["post-133","page","type-page","status-publish","has-post-thumbnail"],"aioseo_notices":[],"_links":{"self":[{"href":"https:\/\/www.elfis.no\/index.php\/wp-json\/wp\/v2\/pages\/133","targetHints":{"allow":["GET"]}}],"collection":[{"href":"https:\/\/www.elfis.no\/index.php\/wp-json\/wp\/v2\/pages"}],"about":[{"href":"https:\/\/www.elfis.no\/index.php\/wp-json\/wp\/v2\/types\/page"}],"author":[{"embeddable":true,"href":"https:\/\/www.elfis.no\/index.php\/wp-json\/wp\/v2\/users\/1"}],"replies":[{"embeddable":true,"href":"https:\/\/www.elfis.no\/index.php\/wp-json\/wp\/v2\/comments?post=133"}],"version-history":[{"count":3,"href":"https:\/\/www.elfis.no\/index.php\/wp-json\/wp\/v2\/pages\/133\/revisions"}],"predecessor-version":[{"id":297,"href":"https:\/\/www.elfis.no\/index.php\/wp-json\/wp\/v2\/pages\/133\/revisions\/297"}],"up":[{"embeddable":true,"href":"https:\/\/www.elfis.no\/index.php\/wp-json\/wp\/v2\/pages\/129"}],"wp:featuredmedia":[{"embeddable":true,"href":"https:\/\/www.elfis.no\/index.php\/wp-json\/wp\/v2\/media\/78"}],"wp:attachment":[{"href":"https:\/\/www.elfis.no\/index.php\/wp-json\/wp\/v2\/media?parent=133"}],"curies":[{"name":"wp","href":"https:\/\/api.w.org\/{rel}","templated":true}]}}